ime factors of n?
5, 2441
Suppose 0 = -2*u - h + 5*h + 20, 4*u = -3*h - 15. Suppose u = -15*s + 5009 + 1996. What are the prime factors of s?
467
Let m = -78 + 81. List the prime factors of ((-276)/(-8))/m*18.
3, 23
Suppose 80*u = 81*u + 35. What are the prime factors of (-4)/7 - (-5 + 1140/u)?
37
Let j be 4150/300 - 1/(-6). Suppose 0 = -j*n - 0*n + 13314. What are the prime factors of n?
3, 317
Let f(l) = -2*l**3 + 13*l**2 - 27*l - 5. Let t be f(6). Let r = 260 - t. List the prime factors of r.
17, 23
Suppose 3*l + 0*t + t - 1 = 0, -5*t = l + 23. List the prime factors of -5 + 60 - (-6)/l.
2, 29
Let u = -16124 + 19271. List the prime factors of u.
3, 1049
Let r(q) = 10*q**2 - 37*q - 410. What are the prime factors of r(-14)?
2, 11, 47
Let i(x) = -x**2 + 332*x - 314. What are the prime factors of i(98)?
2, 43, 263
Let h(d) = 395*d - 2760. List the prime factors of h(26).
2, 5, 751
Let h be (-140)/42 + 5/(-3). List the prime factors of -2 - (1090/h + 2/1).
2, 107
Let v = -6801 - -11487. List the prime factors of v.
2, 3, 11, 71
Suppose 0 = w - 3*p + 4*p - 85, 185 = 2*w + 5*p. What are the prime factors of (-32)/w - (-1474)/10?
3, 7
Let j(l) = 3*l + 34. Let k(c) = -4*c - 34. Let t(a) = -5*j(a) - 4*k(a). Let g be t(16). Let w = g + 59. What are the prime factors of w?
41
Suppose 5*g - 45 = 3*z, 0*g + 3*g - 5*z = 11. What are the prime factors of (1 - -1)/(g/2154)?
359
Suppose -102*y = 25*y - 65820 - 57624. What are the prime factors of y?
2, 3
Let p = -17860 - -26684. What are the prime factors of p?
2, 1103
Let w(h) = 143*h - 7. Let y be w(5). Let a be (-7)/(42/(-16))*54/8. Suppose a*g - y = 12*g. List the prime factors of g.
2, 59
Let x = 11657 + -8308. What are the prime factors of x?
17, 197
Suppose 5*f + 254 = 3*g - 6*g, -4*f = -4*g + 216. Let d = f - -56. Suppose -2*v = 4*m - 220, 0*m - d*v = m - 41. List the prime factors of m.
3, 19
Let m(r) = -309*r + 1634. List the prime factors of m(5).
89
Let t(h) = 582*h - 3931. What are the prime factors of t(82)?
43793
Let v be 392/5 + 45/75. Suppose -v*g + 78*g = 0. Suppose g = -3*o + 103 + 323. What are the prime factors of o?
2, 71
Let k(c) = -2*c**3 + 86*c**2 + 113*c + 50. List the prime factors of k(39).
5, 7, 19
Let s = 845 - 843. Suppose -4*c = s*j - 1307 + 99, 5*c - 5*j - 1495 = 0. What are the prime factors of c?
7, 43
Let l be 7/(28/3492) + 5. Suppose -2*z - 196 = -l. What are the prime factors of z?
11, 31
Let o = -55 + 59. Suppose -o*l - 3*w + 2057 = 0, 5*l = -4*w + 2*w + 2573. List the prime factors of l.
5, 103
Let j be (-2 + -2 - -9)/1. Suppose 0*t - 3*t = -j*b - 252, 2*t + b = 155. Suppose 3*s - 200 - t = 0. List the prime factors of s.
3, 31
Suppose 0 = -206*i - 664036 + 2775742. List the prime factors of i.
3, 17, 67
Let i = 28637 - 18466. Suppose i - 1371 = 11*n. List the prime factors of n.
2, 5
Suppose h = 3*u - 6, -2*h + 3*u - 18 = -3*h. Let v be (7 + 69 + h)/(4/6). Let k = v - 46. List the prime factors of k.
7, 11
Suppose -460995 + 112689 = -11*s + 4*s. What are the prime factors of s?
2, 3, 8293
Let l = -43 - -47. Suppose t - 5 = 4*f, -l*t + 8 + 12 = 2*f. Suppose 0 = -t*y - 2*u + 742, -y + 2*u = -3*u - 143. List the prime factors of y.
2, 37
Suppose 285 = 10*t - 45. Let a(f) = f**2 - 23*f + 55. List the prime factors of a(t).
5, 7, 11
Suppose 88*j = 81*j + 53172. List the prime factors of j.
2, 3, 211
Let r = -177 + 806. Suppose -r = -5*x + 491. What are the prime factors of x?
2, 7
Let i(q) = 103*q + 3 - 1 - 386*q + 134*q. What are the prime factors of i(-11)?
3, 547
Let g be 8/(-3) - -2 - 1342/(-6). Let s = 778 - g. Suppose 3*k - s = -2*k. What are the prime factors of k?
3, 37
Suppose 39*m - 144*m + 754794 = -359886. List the prime factors of m.
2, 1327
Let b(f) = 62*f + 4. Let x be b(3). Suppose -9 - x = -o. Suppose -5*h + 0*t + t + 263 = 0, -4*h + o = 3*t. What are the prime factors of h?
2, 13
Suppose 0 = -0*t + 2*t - 426. Let d be (-253)/(5 + (91/(-14) + 5 - 4)). Let l = d - t. What are the prime factors of l?
293
Suppose 5*i = -4*q - 24, 3*q - 3*i - 15 = 6*q. Let n be (4/(-10) - q) + 253/(-55). Let x = 56 - n. What are the prime factors of x?
2, 3, 5
Let t(b) = b**3 + 3*b**2 + b. Let h(a) = 2*a - 22. Let y be h(10). Let d be t(y). Suppose p = 4*k + 41 + 2, -143 = -5*p + d*k. List the prime factors of p.
3
Suppose 5*l - 492 = -4*y + 209, -2*l + 179 = y. Let u = y + 304. List the prime factors of u.
11, 43
Let p(q) = 11*q**3 + 3*q**2 - 7*q. Let s(c) = c**2 - 12*c + 3. Let o be s(12). What are the prime factors of p(o)?
3, 101
Let n = 762 + -395. Let r = n - 207. List the prime factors of r.
2, 5
Suppose -8*f + 2486 = -1098. Suppose -4*s = -f - 4736. List the prime factors of s.
2, 3
Let r = 156154 + -86426. What are the prime factors of r?
2, 2179
Suppose 3*p = -35 + 3644. Let b = p - 8. Suppose 72*o = 67*o + b. List the prime factors of o.
239
Suppose 3*r = 4*w + 6*r - 62358, -3*w = -5*r - 46812. List the prime factors of w.
2, 3, 23, 113
Suppose -2*c + 2 = 4*k, -2*c + 2 = k - c. Let q be ((-9)/(-3) - 9)/k. List the prime factors of (q - 1)*(-144)/(-20).
2, 3
Let u(w) = w**2 - 12*w - 156. Let l = -331 + 370. What are the prime factors of u(l)?
3, 13, 23
Suppose 0*n + 2*o + 103401 = 5*n, 0 = -o + 2. List the prime factors of n.
20681
Suppose 13851 = 67*x - 66*x. Suppose 0 = -20*v - x + 41691. What are the prime factors of v?
2, 3, 29
Suppose 116*v + 103*v - 4973052 = 0. List the prime factors of v.
2, 7, 811
Let i(n) = 5 - 7*n - 7*n + 27*n. Let d be i(0). What are the prime factors of (-71)/(3 - (d + -1))?
71
Suppose -20*o + 14*o = -786. Let t = -41 + o. List the prime factors of t.
2, 3, 5
Let c(p) = -7*p**2 - 48*p - 96. Let v be c(-9). Suppose -489 = 4*b + 163. Let q = b - v. What are the prime factors of q?
2, 17
Suppose 6*s + 243 = -225. What are the prime factors of s/(105/(-96) - -1)?
2, 13
Suppose 17*y - 267311 - 145977 = -2*y. What are the prime factors of y?
2, 2719
Let f = 100 - 63. Let i = f + -33. Suppose 14 = i*m - 2*m. List the prime factors of m.
7
Suppose 643080 - 6639 = 39*q. List the prime factors of q.
16319
Let p(d) = 10*d + 65. Let h be p(-8). Let v(k) = 2*k**2 + 12*k + 16. What are the prime factors of v(h)?
2, 11, 13
Suppose 4*z = 2*g - 2122, -2*g + 3143 = g + 2*z. Let b = g + -654. List the prime factors of b.
397
Suppose 206*y = 123*y + 147823. What are the prime factors of y?
13, 137
Suppose 2*w - 6*w = 16. Let f be (w/6)/((-26)/(-741)). Let k = 99 - f. List the prime factors of k.
2, 59
Let j(a) = -2905*a - 772. What are the prime factors of j(-4)?
2, 3, 113
Suppose -5*y = -17*y + 11496. Suppose h - 953 = l, -4*l + y = -0*h + h. What are the prime factors of (5 - 3)*h/12?
3, 53
Let v = -48 + 50. Suppose 0*u = -3*q - 3*u + 1422, 5*u = v*q - 941. Suppose 3*s + 8 - q = 0. What are the prime factors of s?
5, 31
Let i be (-28)/4 - 1*-3 - -2. What are the prime factors of ((-475)/i)/((22/4)/11)?
5, 19
Let j be 0 + ((-50)/3)/(10/(-45)). Let d = j - 51. What are the prime factors of 12/d - 41/(-2)?
3, 7
Let j = 118 + 204. Suppose 2*g - j = 120. What are the prime factors of g?
13, 17
Let g(z) = -z**3 - 5*z**2 - 9*z - 25. Let k = 502 - 511. What are the prime factors of g(k)?
2, 5, 19
Suppose 4*h - 5*m = 7799, -3*h - 8*m + 5833 = -15*m. What are the prime factors of h?
2, 3, 163
Let z(o) = 3*o + 144. Let h be z(16). Let r = h - 46. What are the prime factors of r?
2, 73
Suppose -22 = -3*u - 16. Suppose -8*t + 9*t + u = 0. What are the prime factors of (428/6)/(t/6 - -1)?
107
Let v be 17/34 + (-3859)/(-2). Suppose 7*y - 2*y + 5*l - 1910 = 0, 5*y - v = 5*l. List the prime factors of y.
2, 3
Let w(j) = 7*j**3 + 16*j**2 + 26*j + 27. Let r(g) = 10*g**3 + 24*g**2 + 39*g + 40. Let x(o) = -5*r(o) + 7*w(o). What are the prime factors of x(-9)?
11, 17
Let o = -17925 - -33105. List the prime factors of o.
2, 3, 5, 11, 23
Let q(z) = 337*z - 239. Let l = -281 - -286. List the prime factors of q(l).
2, 3, 241
List the prime factors of (0 - 4)/((-312)/588666).
7547
Suppose 0*o = -2*o + 236. Suppose -5*j - o = -3463. Suppose 3*g + 3*a = 5*g - 447, 3*g - 5*a - j = 0. What are the prime factors of g?
2, 3, 19
Suppose -165*v + 357038 + 8156504 = -409823. List the prime factors of v.
3, 2003
Suppose 0 = -176*q + 165*q + 134640. List the prime factors of q.
2, 3, 5,